, 3*m - 25 = -2*i - 3*i. What is the remainder when 54 is divided by (2 + 36)*i/4?
16
Let l(x) = x**2 - x. Let t(v) = -6*v**2 - 8*v - 9. Let g(o) = 5*l(o) + t(o). Calculate the remainder when g(-7) is divided by 17.
16
Suppose 3*j - 42 = -0*j. Let k be (9/6)/(2/(-4)). Let n = j - k. What is the remainder when n is divided by 9?
8
Suppose -5 - 1 = 3*h. Let q = 4 + h. Calculate the remainder when 5 is divided by q.
1
Let v be 1*8*(-33)/(-6). Suppose p = 126 - v. Calculate the remainder when p is divided by 21.
19
Let m be 4/(-10) - (-334)/10. Suppose -m = -2*y + 17. Calculate the remainder when y is divided by 12 + (4 - 5)*3.
7
Let k(p) = p**3 - 10*p**2 + 2*p - 11. Let t be k(10). Let j(o) = 2*o - 10. What is the remainder when 14 is divided by j(t)?
6
Suppose -44 = -4*v + 8. Suppose -16 = 4*j, 3*t + 32 - 12 = -2*j. Let i(x) = x**3 + 3*x**2 - 5*x + 3. Calculate the remainder when v is divided by i(t).
6
Let y = -9 + 13. Let b(n) = 3*n**2 - 1. Let p be b(1). Let z = y - p. What is the remainder when 5 is divided by z?
1
Let n(c) be the first derivative of c**4/2 - c**3 + 5. Suppose -3 = -2*q + 1. Calculate the remainder when 6 is divided by n(q).
2
Let h(n) = 1 - 5 + 2*n**2 + 3 + 2*n. Calculate the remainder when 31 is divided by h(2).
9
Let t(s) = 22*s - 2. Calculate the remainder when t(2) is divided by 9.
6
Suppose -j = -m + 68, -5*m - j = -457 + 135. Calculate the remainder when m is divided by 17.
14
Let i be 4/18 - (-14)/18. Suppose -d = 14 - 55. Calculate the remainder when d is divided by (2 - 1)/(i/11).
8
Let k(w) = -8*w - 1. Calculate the remainder when k(-2) is divided by 12.
3
Suppose -2 = t - 5*s + s, -t - s + 3 = 0. What is the remainder when (-14)/(-12)*3*t is divided by 5?
2
Suppose 0 = -2*n - 2*n - 20, 4*s - n = 25. Suppose -3*l + 4*l - s*x = 84, -2*x - 264 = -4*l. Calculate the remainder when l is divided by 22.
20
Let h = 27 + -18. What is the remainder when 1 + -1 + 32 - -2 is divided by h?
7
Let s = -8 + -6. Let n = 3 - s. What is the remainder when (-2)/(-4)*(-6 + 104) is divided by n?
15
Suppose -6*j + 291 = -3*j. What is the remainder when j is divided by 25?
22
Let a = 10 + 5. Let c(h) = -3*h + 14. Calculate the remainder when c(-15) is divided by a.
14
Let m = 15 - -3. Calculate the remainder when m is divided by 4.
2
Suppose -3*t + t - 4*o + 12 = 0, o = 5*t + 3. What is the remainder when 18 is divided by (-2 - t)*14/(-4)?
4
Suppose 3*p = 32 + 7. What is the remainder when 90 is divided by p?
12
Let j(x) = 54*x**2 - x - 1. Let b be j(-1). Let a(r) = -r**3 - 2*r**2 + 7*r + 6. Calculate the remainder when (-1 - b/4)*-2 is divided by a(-4).
9
Suppose -5*h + 48 = -h. What is the remainder when 21 is divided by h?
9
Let a(r) = -2*r. Calculate the remainder when 1/(-3) - 3230/(-51) is divided by a(-11).
19
Let d = -82 - -117. Suppose n - 9 = -0. What is the remainder when d is divided by n?
8
What is the remainder when (-13 - -1)*-1*(-140)/(-8) is divided by 53?
51
Suppose 2*f - 73 - 5 = 0. Calculate the remainder when f is divided by 8.
7
Let v = -38 - -76. What is the remainder when 111 is divided by v?
35
Let r(j) = -j**3 + j. Let d(y) = -3*y - 2. Let i(u) = -d(u) + r(u). What is the remainder when 32 is divided by i(-3)?
15
Let d = -9 - -12. Suppose -5*u = -3*r - 1, -5*u + 65 = 8*r - d*r. Calculate the remainder when 38 is divided by r.
6
Suppose 3 = -l - 4*f - 1, -f + 6 = 2*l. Calculate the remainder when 14 is divided by l.
2
What is the remainder when 44 is divided by 1/(-1 + (-48)/(-45))?
14
Let h = -8 + 2. Let x(a) = -4*a - 15. What is the remainder when 33 is divided by x(h)?
6
Let k(u) = u + 22. Calculate the remainder when 34 is divided by k(-13).
7
Let q(j) = 33*j**2 - 3*j + 2. What is the remainder when q(1) is divided by 7?
4
Suppose -2*x - 4*t + 1 + 3 = 0, 0 = -4*x + 4*t + 20. Suppose -x*h + 2*h + 64 = 0. What is the remainder when h is divided by 11?
10
Let q(v) = 2*v**2 - 10*v + 17. Calculate the remainder when 44 is divided by q(4).
8
Let o(m) = -m - 1. Let t(k) be the first derivative of 7*k**2/2 + 4*k + 3. Let u(l) = -6*o(l) - t(l). Calculate the remainder when 3 is divided by u(0).
1
Let q(l) = -8 - 27*l + 9*l - 1 - 1. Calculate the remainder when q(-4) is divided by 16.
14
Let l(s) = -s**3 + s + 4. Suppose 4*c - d - 77 = -3, 2*c - 28 = 5*d. Calculate the remainder when c is divided by l(-2).
9
Suppose -3*z + 165 = 2*z. Suppose -2 = -5*w + z. What is the remainder when 9 is divided by w?
2
Let f(n) = -3 + n**2 + 2*n + 4 - 5*n. Let z = 11 - -3. What is the remainder when z is divided by f(4)?
4
Let m(r) be the first derivative of -9*r**2/2 - 13*r + 5. What is the remainder when m(-6) is divided by 11?
8
Let d(r) = r**2 + 17. Calculate the remainder when d(0) is divided by 6.
5
Let d(w) = w**2 - 3*w + 1. Let h be d(3). Calculate the remainder when ((-3)/h)/(9/(-120)) is divided by 14.
12
Let m = -31 + 43. Calculate the remainder when m is divided by 5.
2
Suppose 0*m = 5*m - 40. Suppose o = -o + m. Suppose d + o - 19 = 0. Calculate the remainder when d is divided by 6.
3
Let m be 0 - 22*10/4. Let k(l) = -3*l**2 - 13*l - 2. Let d be k(-6). Let x = d - m. Calculate the remainder when x is divided by 12.
11
Suppose -t + 89 = -62. Suppose -2*v = 4*h - 266, -3*v + 8*v + t = 2*h. What is the remainder when h is divided by 14?
12
Let b(k) = k + 1. Let n = -223 + 244. What is the remainder when n is divided by b(7)?
5
Suppose 2*b - 2 - 20 = 0. What is the remainder when (-1)/4 - (258/(-8))/1 is divided by b?
10
Let z = 85 - 58. Calculate the remainder when 132 is divided by z.
24
Suppose 0 = -7*z + 5*z + 58. What is the remainder when 142 is divided by z?
26
Let o = 59 + -42. Suppose -4*r + 10 - 30 = 0. Let v = 14 + r. Calculate the remainder when o is divided by v.
8
Suppose q - 4*x - 3 = 0, 3*q + 16 = q - 3*x. Let i(f) = f**2 + 2*f - 1. Calculate the remainder when i(q) is divided by -1 - (2 + 4)/(-1).
4
Let p(m) = 26*m**3 + m. What is the remainder when 1413/27 - ((-16)/3)/(-4) is divided by p(1)?
24
Let m = 24 + -15. Let w be (m/6)/(6/(-16)). Calculate the remainder when ((-57)/(-2))/((-3)/w) is divided by 10.
8
Calculate the remainder when (-88)/(-10) - (-1)/5 is divided by 5.
4
Let h be 3/2*(0 + 2). Suppose k = -0*k + h. What is the remainder when 8 is divided by k?
2
Let c(m) = -11*m. Let i be c(-5). Suppose 4*r + 105 = 4*u - i, 0 = 4*u - 3*r - 158. Suppose -u = -3*b + b. Calculate the remainder when b is divided by 10.
9
Let p(k) = k + 5. Let b be p(-7). Let s = b - -11. Suppose 29 = r + 13. What is the remainder when r is divided by s?
7
Let f(t) = -t**2 + 11*t - 3. Calculate the remainder when f(10) is divided by 4.
3
Let x(t) = 2*t**2 + 2*t - 13. Let n(f) = 24*f. Let q be n(2). Let y = 79 - q. What is the remainder when y is divided by x(3)?
9
Let f = -121 - -213. What is the remainder when f is divided by 5?
2
Suppose 40*g - 41*g = -15. Suppose -2*d - 4*m = -62, 5*d = m + 3*m + 127. Calculate the remainder when d is divided by g.
12
Suppose 3*v - u - 326 = 0, -3*v - 2*v - u = -530. What is the remainder when v is divided by 27?
26
Calculate the remainder when (-9)/(-6)*(-3 + 46/6) is divided by 4.
3
Let m(j) = -4*j + 92. What is the remainder when m(0) is divided by 31?
30
Suppose -15 = -3*u - s + 8, -4*u = s - 29. Calculate the remainder when 34 is divided by u.
4
Let t(n) = 6*n**2 - n - 3. Let j be t(-3). What is the remainder when (j/3)/(3/6) is divided by 19?
17
Suppose -n - 10 = 5*p + 4, 4*n + 6 = 5*p. Let u = n + 6. What is the remainder when 2 is divided by u?
0
Suppose 1216 = 4*h - 0*h. Suppose 4*g - h = 5*p, g - 122 = -g - 5*p. What is the remainder when g is divided by 18?
17
Let a(m) = 2 - m**2 - 6*m**3 + m**2 - 1 - 2*m. Calculate the remainder when a(-2) is divided by 18.
17
Let x = 27 + -16. What is the remainder when x is divided by 7?
4
Suppose 11 = 4*q - 17. Let z(o) = o**3 - 14*o**2 - 15*o + 5. What is the remainder when q is divided by z(15)?
2
Suppose 0 = -4*w + 15 + 37. Suppose -40 = -3*r + 68. Calculate the remainder when r is divided by w.
10
Let d(y) = -y**3 + 5*y**2 + 6*y - 4. Let t be d(6). Let n = 9 - t. Calculate the remainder when 37 is divided by n.
11
What is the remainder when 91 - ((-6 - -1) + (-4)/(-2)) is divided by 12?
10
Let g(p) = p**3 - 10*p**2 + 10*p - 7. Let 